37
Let r(n) = 60*n - 88. List the prime factors of r(5).
2, 53
Let n = 1155 + -284. List the prime factors of n.
13, 67
Let g = 388 - 123. What are the prime factors of g?
5, 53
Let n(y) = 254*y**3 - 6*y**2 + 3*y - 5. What are the prime factors of n(2)?
7, 41
Let c = -301 + 212. Let x = 140 + c. What are the prime factors of x?
3, 17
Suppose -5*o - 1226 = -7*o. List the prime factors of o.
613
Let x(s) be the third derivative of -11*s**6/40 + s**5/30 + s**4/24 - 16*s**2. Suppose -2*j - 1 = -l, -4*j + 1 = -3*l - 2*j. List the prime factors of x(l).
2, 17
What are the prime factors of (60/18)/(4/1284)?
2, 5, 107
Suppose 8 - 20 = 4*o. Let x(y) = 2*y**2 - 8*y + 1. Let r(c) = -c**2 + 7*c - 2. Let g(i) = o*r(i) - 2*x(i). What are the prime factors of g(-4)?
2
Let k be 2 + (-4 - (0 + -7)). Suppose -2*x + 392 = k*x. List the prime factors of x.
2, 7
Suppose -22*g + 384 = -30*g. List the prime factors of (-8040)/g - 1/(-2).
2, 3, 7
Let h = 784 + -203. Suppose -4*r + 4*d = 608, 4*r = -4*d - d - h. Let z = -106 - r. List the prime factors of z.
43
Let x be (-6)/9 + 3620/12. Suppose 5*s - 24 - x = 0. What are the prime factors of s?
5, 13
Let r = 191 + -122. List the prime factors of r.
3, 23
Suppose -126 = 3*i - 1650. What are the prime factors of i?
2, 127
Let w be 27/3 + 0 - 1. Let k be (10/w)/(7/140). List the prime factors of ((-10)/k)/((-2)/10).
2
Let m = 8 - 6. Let p = 46 - -25. Suppose 4*a - p = -m*j + 33, -5*j = 2*a - 220. List the prime factors of j.
2, 3, 7
Suppose -4*t + 3*q = 4 - 44, 4*q = 4*t - 44. Let n(f) = -f**2 + 15*f - 8. List the prime factors of n(t).
2, 3
Let v be ((-4)/(-5))/(7/(-70)). Let g = -28 - -47. Let i = g + v. List the prime factors of i.
11
Let v(l) = 10 + 0 + 1 + 2*l**2 + 2*l - 11*l. List the prime factors of v(5).
2
Let b(l) = -5*l**2 + 3*l. Suppose k + 3*o - 12 = 0, 0*o + 16 = 3*k + 5*o. Let c be b(k). Let i = c + 90. List the prime factors of i.
2, 3
Let g(w) = 3*w - 64. Let r be g(23). Suppose -5*t = -3*i - 568, -r*t - i = -0*i - 584. What are the prime factors of t?
2, 29
Suppose -11*b + 6*b = -2420. What are the prime factors of b?
2, 11
Suppose 5*l + 2*g = 3*g + 11259, -5*g + 4482 = 2*l. List the prime factors of l.
2251
Let b be (3 - 1324/(-36)) + 2/9. Let i = 112 - b. List the prime factors of i.
2, 3
Let l(v) = -v**2 - 7*v + 8. Let i be l(-8). Let t be i + 11 - (0 - -3). Let r = 24 - t. List the prime factors of r.
2
Let n = -202 - -463. What are the prime factors of n?
3, 29
Let h(z) = -9*z**2 - 3 + 4 - z**3 + 14*z**2 + 0. Let q be h(5). List the prime factors of ((-217)/21)/(q/(-3)).
31
Suppose 4*j = -20, -165 - 1674 = -3*a - 3*j. What are the prime factors of a?
2, 3, 103
What are the prime factors of (-1983528)/(-540) - (-2)/(-10)?
3673
Let l(f) = -3*f**2 + 6*f - 6. Let s be (-10)/(-4)*30/25. Let o be l(s). List the prime factors of ((-280)/o)/(4/12).
2, 7
Let x = 2938 - 1507. List the prime factors of x.
3, 53
Let v(r) = -8*r**3 - 1. Let n be v(-1). Suppose 4*t + 9 + n = 0. Let o(x) = 3*x**2 + 4*x - 5. List the prime factors of o(t).
3
Suppose 4*x - 4*w - 3504 = 2540, 0 = x + 4*w - 1536. List the prime factors of x.
2, 379
Let q = -72 + 70. What are the prime factors of (4 + 8/(-6))/(q/(-15))?
2, 5
Let c(v) = 44*v - 8*v**2 + v**3 - 11*v**2 - 26 - 63*v. Let i be c(20). Let w(y) = -y**2 - 7*y - 1. What are the prime factors of w(i)?
5
Let m(p) = -14 + 23 + 0*p - 7 + 10*p. What are the prime factors of m(4)?
2, 3, 7
Let v(r) = 2*r - 7. Let o be v(5). Let m = o + 7. What are the prime factors of (-274)/(-18) - m/45?
3, 5
Let v = 420 - 210. List the prime factors of v.
2, 3, 5, 7
Let n(b) = b**2 + b + 1. Let c(a) = 3*a**2 + 5*a - 4. Let k = 14 + -16. Let x(q) = k*n(q) + c(q). What are the prime factors of x(3)?
2, 3
Let s = -38 - -22. Let r(b) = b**2 + 15*b - 15. Let p be r(s). Let n = p + 13. List the prime factors of n.
2, 7
Suppose -2*i + 5*j = -417 - 890, -5*j + 1357 = 2*i. List the prime factors of i.
2, 3, 37
Let b = -2 + 5. Suppose -45 = -b*g + 99. What are the prime factors of g?
2, 3
Let f be ((-6)/4)/((-21)/(-784)). What are the prime factors of -25*(f/20)/7?
2, 5
Let r be (-10 - -7)/(6/8). What are the prime factors of (-3)/r + (-2685)/(-20)?
3, 5
Suppose 4*s = 5 - 1. Let l(n) = 13*n**2 - 5*n + 5. Let a be l(1). Let t = a - s. What are the prime factors of t?
2, 3
Let k(l) = -67*l - 37. What are the prime factors of k(-8)?
499
Suppose 2*a - 49 = -19. Suppose 4*d = 2*s - 9 - 3, 3*d = 3*s - a. Let c = 10 + s. List the prime factors of c.
2, 7
Suppose 2*u - 73 = 53. Let x be (-7)/21*u/(-1). Let l = x - -1. What are the prime factors of l?
2, 11
Suppose 3*y = -5*a + 4968, 2*y - 7*a + 10*a = 3311. List the prime factors of y.
13, 127
Let f(r) = 26*r + 43. What are the prime factors of f(0)?
43
Let k(a) be the third derivative of -a**4/24 + a**3/6 - 2*a**2. Let w be k(-2). Suppose 2*i = -w*y - 3*i + 69, 4*y - 5*i = 57. List the prime factors of y.
2, 3
Let d be (-8)/(-3)*12/8. Suppose b = d*b - 9. Suppose 8 = -s + b*s. List the prime factors of s.
2
Let z = -2484 + 3787. What are the prime factors of z?
1303
Let k(w) = -2*w**3 - 12*w**2 + 6. Let l(f) = -9*f + 3. Let n be l(1). Let d be k(n). Suppose -x - b = -22, 0 = -3*b - d - 3. What are the prime factors of x?
5
Suppose 5*d = -2*h + 1051, 2*d + 991 = 5*h - 1564. What are the prime factors of h?
3, 19
Let v(g) = g**3 + 3*g**2 - 9*g - 15. Let q be v(-4). Let k(i) = 3*i**3 - 2*i**2 - 9*i + 20. What are the prime factors of k(q)?
2, 3, 5
Suppose 5*o - 24 = -2*c, 4*o - 3*o + 6 = 5*c. Let z be (-1)/(-4) - 305/4. List the prime factors of z/(-13) - c/(-13).
2, 3
Let q(l) = -l**2 + 4*l + 5. Let p be q(5). Suppose p = 3*w + 1 + 5. List the prime factors of (3/w)/(15/(-60)).
2, 3
Suppose -24366 = -4*k + 3*j, 5*k - 32543 = -5*j - 2068. What are the prime factors of k?
3, 677
Let o(i) be the third derivative of -i**7/504 + 13*i**6/720 + i**5/20 + i**2. Let r(p) be the third derivative of o(p). List the prime factors of r(-4).
53
Let g = -1 - -5. Let n be -2*(-1)/(g/(-30)). What are the prime factors of -8*(n/12)/1?
2, 5
Suppose 0*m + 2*m - k = 8, 28 = 4*m - 5*k. Suppose -m*j = j - 48. List the prime factors of j.
2
Let s(l) = -5*l**3 + 3*l - 4. Let x be s(-3). Let j = x - 66. Suppose 0 = -3*f + j + 52. List the prime factors of f.
2, 3
Suppose h + 519 = -2*h. Let a = -97 - h. List the prime factors of a.
2, 19
Let n(f) = 38*f**2 - 3*f + 11*f - 7*f. Let b = -3 - -2. List the prime factors of n(b).
37
Let w(o) = -o + 7. Let h be w(9). Let y(z) = -z**2 + z - 1. Let t(f) = -7*f**3 - 6*f**2 + 6*f - 4. Let j(u) = t(u) - 6*y(u). What are the prime factors of j(h)?
2, 29
Let i = -144 + 1162. List the prime factors of i.
2, 509
Suppose 5*x + 269 - 1449 = 0. List the prime factors of x.
2, 59
Suppose -w + 5 = 0, -4*s + 372 = w - 741. What are the prime factors of s?
277
Let d(l) = l**3 + 10*l**2 + 16*l + 7. Let m be d(-8). Suppose 12*h - 215 = m*h. List the prime factors of h.
43
Suppose -74*n = -75*n + 5, -14632 = -3*t + n. What are the prime factors of t?
7, 17, 41
What are the prime factors of 7358/4 - (-49)/98?
2, 5, 23
Let f = 114 + -37. Suppose 56*q = 72*q + 624. Let z = q + f. What are the prime factors of z?
2, 19
Let x(h) = h - 12. Let f be x(14). Suppose 0*n - n = 1, -f*n = 2*t + 2. Suppose t*y - 6 = -3*y. List the prime factors of y.
2
Suppose -g - 2 = -q - 10, -6 = 2*q. List the prime factors of (-2)/((g - 3) + 1016/(-506)).
11, 23
Suppose 7 = 9*p - 29. Suppose 3*l = -p*m + 2*l + 847, -4*m = 4*l - 856. List the prime factors of m.
211
Suppose 0 = -2*z - 4*z + 1824. Suppose -99 = 5*i - z. What are the prime factors of i?
41
Let m(c) = -c**2 - 10*c + 4. Let p be m(-8). Suppose -3*f = 2*f - p. Suppose o - 4*l - 43 = -0*o, -3*o - f*l = -49. What are the prime factors of o?
23
Suppose 5*b - 3*b = -2*a + 98, -175 = -4*b + 3*a. Suppose b + 2 = 3*p. What are the prime factors of p?
2
Suppose -33*h + 36*h = 0. Suppose -4*v - 61 = -d + 102, h = -5*d - v + 836. List the prime factors of d.
167
Suppose -2*h = h + j - 4, 2*h + 5*j + 6 = 0. Suppose -h*r - 16 = -110. Let p = -33 + r. What are the prime factors of p?
2, 7
Let m(q) = 10*q**2 - 4*q - 4. Let o be (-6)/3 + (-5 - -5). List the prime factors of m(o).
2, 11
List the prime factors of (2 + -5)/((-1)/436*2).
2, 3, 109